 36. Determine j(-2).
20
Let f(g) = 2*g**3 - 140*g**2 - 142*g - 401. Calculate f(71).
-401
Let s(z) = -10*z**2 - 878*z + 2730. Give s(-91).
-182
Let p(y) = -2*y**2 + 1252*y - 21913. Calculate p(18).
-25
Let z(y) = -9*y**2 + 354*y - 3170. Determine z(29).
-473
Let q(n) = 1106*n + 1734. What is q(-5)?
-3796
Let t(m) = -18*m**2 + 1721*m + 640. What is t(96)?
-32
Let n(w) = -4*w**3 - 17*w**2 + 176*w + 802. Determine n(-5).
-3
Let z(i) = -i**3 - 127*i**2 + 4*i - 31. Determine z(-127).
-539
Let g(b) = -5*b**2 + 1069*b - 26152. What is g(28)?
-140
Let f(m) = 3141*m - 1049126. Determine f(334).
-32
Let z(r) = 2*r**3 - 202*r**2 + 1150*r - 52. Determine z(6).
8
Let g(p) = 18463*p - 110781. Determine g(6).
-3
Let i(g) = -g**3 + 518*g**2 + 1357*g - 164813. What is i(520)?
27
Let r(s) = -6*s**2 - 71*s + 413. Calculate r(7).
-378
Let c(k) = -222834*k + 8690520. Give c(39).
-6
Let m(o) = 3*o**2 + 63*o + 30. Determine m(-15).
-240
Let g(i) = 71563*i - 2146884. Calculate g(30).
6
Let k(i) = i**3 - 239*i**2 - 1688*i + 226. Calculate k(-7).
-12
Let h(o) = 345655*o - 5184821. Calculate h(15).
4
Let n(l) = -1075*l**3 - 12*l**2 + 17*l - 14. Calculate n(1).
-1084
Let j(p) = -p**3 - 203*p**2 - 2398*p - 20236. What is j(-191)?
10
Let w(s) = -98*s - 693. Give w(-15).
777
Let l(x) = 83*x**3 - 2492*x**2 + 50*x - 191. Determine l(30).
-491
Let l(s) = -8*s**3 + 18*s**2 - 161*s + 263. What is l(5)?
-1092
Let c(f) = -43*f**2 - 1182*f + 672. Give c(-28).
56
Let x(y) = 9*y**2 + 46*y + 14. What is x(-21)?
3017
Let v(m) = 35*m - 812. Calculate v(31).
273
Let q(m) = 5*m**2 - 530*m + 1534. Determine q(105).
1009
Let n(t) = t**2 - 2736*t + 373211. Determine n(144).
-37
Let t(p) = -12911*p - 77462. Calculate t(-6).
4
Let m(o) = 560810*o + 4486472. Determine m(-8).
-8
Let k(p) = 408*p + 6980. Give k(-18).
-364
Let r(d) = 809*d**3 - 7*d**2 + 3*d + 2. Determine r(1).
807
Let i(y) = -y**3 + 338*y**2 + 19*y - 6488. Calculate i(338).
-66
Let u(i) = -527*i - 52682. What is u(-100)?
18
Let m(n) = -n**2 + 1614*n - 592668. Calculate m(1049).
17
Let q(g) = g**2 - 241*g + 11118. What is q(64)?
-210
Let i(s) = 2*s**2 - 4152*s - 88150. What is i(-21)?
-76
Let j(n) = 7032*n - 253146. What is j(36)?
6
Let g(x) = 38*x**2 + 49936*x - 401927. What is g(8)?
-7
Let j(z) = z**2 + 14975*z - 359966. Determine j(24).
10
Let v(n) = -41*n**2 + 2038*n + 720. Calculate v(50).
120
Let g(a) = 3*a**3 + 78*a**2 - 179*a + 48. What is g(2)?
26
Let i(y) = 508*y - 8640. Determine i(17).
-4
Let k(h) = -2006*h**2 - 78238*h - 152. Calculate k(-39).
4
Let a(h) = -6737*h + 478454. Calculate a(71).
127
Let q(h) = 9*h**2 + 2195*h - 26552. Determine q(12).
1084
Let p(m) = m**2 - 1210*m + 9753. Calculate p(8).
137
Let s(h) = h**3 + 410*h**2 + 857*h + 17801. Give s(-408).
1073
Let x(g) = 758*g**3 + 3*g**2 + 29*g + 29. Give x(-1).
-755
Let j(x) = 33*x - 4183. Determine j(128).
41
Let q(x) = -2*x**2 + 4776*x - 20. Determine q(0).
-20
Let f(r) = 1336620*r + 2673240. Calculate f(-2).
0
Let w(c) = -54*c**2 + 275*c + 303. Give w(6).
9
Let l(x) = x**2 - 339*x - 43194. Calculate l(-99).
168
Let d(p) = p**2 - 170*p + 5760. Determine d(124).
56
Let g(t) = -t**2 - 401*t - 39074. Determine g(-170).
196
Let b(t) = t**3 + 25*t**2 - 47*t - 31. What is b(-26)?
515
Let t(n) = -6*n**2 + 345*n + 304. What is t(52)?
2020
Let x(t) = t**3 + 45*t**2 + 501*t + 184. Determine x(-26).
2
Let y(c) = 10*c**3 - 328*c**2 - 409*c - 11. Calculate y(34).
-45
Let g(b) = -8*b**3 + 553*b**2 - 88*b + 1297. Determine g(69).
-14
Let t(v) = 2834*v + 19865. What is t(-7)?
27
Let x(h) = 5*h**2 - 789*h - 74121. Calculate x(224).
23
Let w(b) = 2*b**3 + 234*b**2 + 1128*b + 806. Give w(-112).
-90
Let n(t) = t**3 - 4*t**2 + 298*t - 1666. Calculate n(6).
194
Let s(y) = -170*y + 12339. Determine s(68).
779
Let g(k) = k**3 + 84*k**2 + 111*k + 1276. Determine g(-83).
-1048
Let j(v) = 5*v**3 - 94*v**2 + 9814*v - 175363. What is j(18)?
-7
Let r(d) = -3554*d + 568642. What is r(160)?
2
Let q(f) = f**3 - 62*f**2 + 519*f + 169. Give q(52).
117
Let m(a) = -75*a**3 - 1348*a**2 - 5*a - 742. Give m(-18).
-4
Let d(g) = -g**2 - 4094*g + 619032. Give d(146).
-8
Let q(x) = -45123*x - 135172. Determine q(-3).
197
Let g(f) = f**3 + 4*f**2 + 148*f - 1364. What is g(0)?
-1364
Let a(v) = -v**3 + 52*v**2 + 600*v + 1301. Give a(62).
61
Let a(s) = 2*s**3 + 32*s**2 + 164*s + 628. Calculate a(-11).
34
Let h(u) = -87*u - 9434. What is h(-108)?
-38
Let y(q) = -883*q - 17013. Calculate y(-22).
2413
Let p(n) = -6618*n + 734593. Give p(111).
-5
Let g(q) = -24*q**3 - 96*q**2 + 590*q - 22. Calculate g(6).
-5122
Let s(q) = -2*q**2 + 27*q + 19720. Give s(106).
110
Let s(q) = -2*q**3 - 19*q**2 + 113*q + 949. Determine s(-6).
19
Let u(q) = 54450*q + 490026. Determine u(-9).
-24
Let s(c) = c**3 + 82*c**2 + 572*c + 3532. Give s(-75).
7
Let x(v) = v**3 - 24*v**2 + 262*v - 3205. Give x(20).
435
Let r(y) = -3273*y**2 + 75280*y - 26. Determine r(23).
-3
Let g(q) = -q**3 - 98*q**2 - 284*q - 34. Determine g(-95).
-129
Let c(z) = -8*z**2 - 360*z - 1888. Determine c(-5).
-288
Let i(l) = -2*l**2 + 390*l + 132793. Give i(373).
5
Let s(p) = 30520*p + 91341. Calculate s(-3).
-219
Let b(k) = -3*k**3 - 7*k**2 + 213*k - 1606. What is b(7)?
-1487
Let c(y) = -y**3 - 41*y**2 - 165*y - 278. Give c(-37).
351
Let i(c) = -710*c**2 - 4968*c + 20. Determine i(-7).
6
Let h(z) = 165*z**2 + 920*z - 2750. What is h(3)?
1495
Let r(q) = 15131*q + 832137. What is r(-55)?
-68
Let x(c) = 2423*c + 9736. Calculate x(-4).
44
Let t(u) = 960*u - 1019502. Determine t(1062).
18
Let d(g) = 59*g**2 + 81*g - 436. What is d(5)?
1444
Let r(l) = l**2 - 1885*l - 1886. Determine r(-1).
0
Let x(j) = -2*j**3 + 16*j**2 - 60*j + 378. Give x(13).
-2092
Let j(f) = -38*f**2 + 212*f + 220. Determine j(7).
-158
Let v(i) = -1921*i + 11493. What is v(6)?
-33
Let s(t) = -3*t**3 - 26*t**2 + 19*t - 34. Calculate s(-10).
176
Let w(k) = 5*k**2 + 17015*k + 136013. Determine w(-8).
213
Let m(c) = 521*c + 208425. Give m(-400).
25
Let g(y) = y**2 - 5493*y - 137938. What is g(-25)?
12
Let w(y) = -826*y - 14752. Determine w(-18).
116
Let a(u) = -7222*u - 7253. Give a(-1).
-31
Let j(w) = -219*w + 21979. Determine j(97).
736
Let m(w) = -w**3 + 80*w**2 + 1175*w - 44343. Determine m(19).
3
Let d(q) = -q**3 - 154*q**2 - 4849*q - 947. Calculate d(-110).
43
Let u(b) = -b**3 + 187*b**2 - 2360*b + 1273. Give u(13).
-1
Let x(u) = -2*u**3 + 12*u**2 + 287*u + 1202. Give x(-6).
344
Let v(c) = 426*c - 15322. What is v(36)?
14
Let g(z) = 4*z**3 + 58*z**2 - 382*z - 766. Give g(-19).
-6
Let r(f) = 6446498*f + 12893000. Determine r(-2).
4
Let c(s) = 14021*s + 308489. Determine c(-22).
27
Let d(o) = 4302*o - 3970739. Give d(923).
7
Let s(q) = q**3 + 10*q**2 + 2531*q + 20135. Determine s(-8).
15
Let n(q) = -18*q**2 + 7118*q - 14239. Give n(2).
-75
Let u(n) = 8*n - 3939. Give u(494).
13
Let o(y) = y**3 - 63*y**2 + 155*y - 1959. Calculate o(61).
54
Let q(x) = -10*x**2 - 4797*x - 3334. What is q(-479)?
19
Let l(y) = y**3 + 161*y**2 + 2187*y + 297167. Determine l(-159).
-4
Let j(v) = -12*v**3 - 7*v**2 + 12*v - 8. Give j(1).
-15
Let u(x) = 5*x**3 - 163*x**2 - 444*x + 323. Calculate u(35).
-517
Let p(l) = 2619818*l - 28818001. Determine p(11).
-3
Let x(w) = -5294*w + 121769. Calculate x(23).
7
Let h(w) = -33*w**3 + 267*w**2 + 118*w - 1137. Calculate h(8).
-1
Let b(w) = -267*w**2 + 3689*w + 653. Give b(14).
-33
Let t(l) = -7*l**2 - 7169*l - 63964. Determine t(-9).
-10
Let z(q) = -984*q + 616963. Calculate z(627).
-5
Let d(c) = -32*c**3 + 1249*c**2 - 1586*c + 60324. Give d(39).
-9
Let j(i) = 66970*i + 2946728. What is j(-44)?
48
Let z(d) = 1011*d + 39380. What is z(-39)?
-49
Let v(l) = -l**2 + 147*l + 60413. What is v(-179)?
2059
Let o(x) = x**3 + 134*x**2 - 419*x - 778. What is o(-137)?
318
Let t(u) = -3108*u - 68311. What is t(-22)?
65
Let p(b) = 24*b**2 - 1520*b + 438. Determine p(63).
-66
Let q(b) = 6957*b + 187924. Calculate q(-27).
85
Let p(l) = l**3 + 121*l**2 + 4*l + 2475. Give p(-121).
1991
Let h(o) = 170*o + 48473. Determine h(-285).
23
Let g(z) = 7843*z - 15783. Determine g(2).
-97
Let t(w) = 42331*w + 126997. Determine t(-3).
4
Let w(k) = -3*k**2 - 167761*k + 335527. Give w(2).
-7
Let t(u) = 2150*u + 109643. Calculate t(-51).
-7
Let f(b) = -b**3 + 496*b**2 - 43289*b + 3823. Determine f(383).
-7